{"id":11,"date":"2012-10-18T06:04:00","date_gmt":"2012-10-18T05:04:00","guid":{"rendered":"http:\/\/www.udc-chablais.ch\/?page_id=11"},"modified":"2026-08-18T15:10:15","modified_gmt":"2026-08-18T14:10:15","slug":"agenda","status":"publish","type":"page","link":"https:\/\/www.udc-chablais.ch\/?page_id=11","title":{"rendered":"Agenda"},"content":{"rendered":"\n<figure class=\"wp-block-image alignfull size-large\"><img loading=\"lazy\" decoding=\"async\" width=\"1024\" height=\"221\" src=\"https:\/\/www.udc-chablais.ch\/wp-content\/uploads\/IMG_20210104_085559-1024x221.jpg\" alt=\"\" class=\"wp-image-1725\" srcset=\"https:\/\/www.udc-chablais.ch\/wp-content\/uploads\/IMG_20210104_085559-1024x221.jpg 1024w, https:\/\/www.udc-chablais.ch\/wp-content\/uploads\/IMG_20210104_085559-300x65.jpg 300w, https:\/\/www.udc-chablais.ch\/wp-content\/uploads\/IMG_20210104_085559-768x166.jpg 768w, https:\/\/www.udc-chablais.ch\/wp-content\/uploads\/IMG_20210104_085559-1536x331.jpg 1536w, https:\/\/www.udc-chablais.ch\/wp-content\/uploads\/IMG_20210104_085559-2048x442.jpg 2048w, https:\/\/www.udc-chablais.ch\/wp-content\/uploads\/IMG_20210104_085559-600x129.jpg 600w\" sizes=\"auto, (max-width: 1024px) 100vw, 1024px\" \/><\/figure>\n\n\n\n<ul class=\"wp-block-list\">\n<li><strong>29.08.2026 &#8211; Broche familiale de l&rsquo;UDC Vaud \u00e0 Bettens<\/strong><\/li>\n\n\n\n<li>27.09.2026 &#8211; Votations F\u00e9d\u00e9rales<\/li>\n\n\n\n<li>08.10.2026 &#8211; Congr\u00e8s UDC Vaud<\/li>\n\n\n\n<li><strong>12.11.2026 &#8211; Repas de soutien de Jean-Fran\u00e7ois Thuillard \u00e0 Etagni\u00e8res<\/strong><\/li>\n\n\n\n<li><strong>21.11.2026 &#8211; Match aux cartes \u00e0 Bex, Salle de la chaumi\u00e8re<\/strong><\/li>\n\n\n\n<li>29.11.2026 &#8211; Votations F\u00e9d\u00e9rales<\/li>\n\n\n\n<li><strong>23.01.2027 &#8211; Souper Ind\u00e9pendance Vaudoise \u00e0 Noville, Salle du Battoir<\/strong><\/li>\n<\/ul>\n\n\n\n<p class=\"wp-block-paragraph\">Pour plus de renseignements et \/ ou inscriptions : nathmorex@bluewin.ch<\/p>\n","protected":false},"excerpt":{"rendered":"<p>Pour plus de renseignements et \/ ou inscriptions : nathmorex@bluewin.ch<\/p>\n","protected":false},"author":9,"featured_media":0,"parent":0,"menu_order":2,"comment_status":"closed","ping_status":"closed","template":"","meta":{"footnotes":""},"class_list":["post-11","page","type-page","status-publish","hentry"],"yoast_head":"<!-- This site is optimized with the Yoast SEO plugin v28.1 - https:\/\/yoast.com\/product\/yoast-seo-wordpress\/ -->\n<title>Agenda &#8226; UDC Chablais<\/title>\n<meta name=\"robots\" content=\"index, follow, max-snippet:-1, max-image-preview:large, max-video-preview:-1\" \/>\n<link rel=\"canonical\" href=\"https:\/\/www.udc-chablais.ch\/?page_id=11\" \/>\n<meta property=\"og:locale\" content=\"fr_FR\" \/>\n<meta property=\"og:type\" content=\"article\" \/>\n<meta property=\"og:title\" content=\"Agenda &#8226; UDC Chablais\" \/>\n<meta property=\"og:description\" content=\"Pour plus de renseignements et \/ ou inscriptions : nathmorex@bluewin.ch\" \/>\n<meta property=\"og:url\" content=\"https:\/\/www.udc-chablais.ch\/?page_id=11\" \/>\n<meta property=\"og:site_name\" content=\"UDC Chablais\" \/>\n<meta property=\"article:modified_time\" content=\"2026-08-18T14:10:15+00:00\" \/>\n<meta property=\"og:image\" content=\"https:\/\/www.udc-chablais.ch\/wp-content\/uploads\/IMG_20210104_085559-scaled.jpg\" \/>\n\t<meta property=\"og:image:width\" content=\"2560\" \/>\n\t<meta property=\"og:image:height\" content=\"552\" \/>\n\t<meta property=\"og:image:type\" content=\"image\/jpeg\" \/>\n<meta name=\"twitter:card\" content=\"summary_large_image\" \/>\n<meta name=\"twitter:label1\" content=\"Dur\u00e9e de lecture estim\u00e9e\" \/>\n\t<meta name=\"twitter:data1\" content=\"1 minute\" \/>\n<script type=\"application\/ld+json\" class=\"yoast-schema-graph\">{\"@context\":\"https:\\\/\\\/schema.org\",\"@graph\":[{\"@type\":\"WebPage\",\"@id\":\"https:\\\/\\\/www.udc-chablais.ch\\\/?page_id=11\",\"url\":\"https:\\\/\\\/www.udc-chablais.ch\\\/?page_id=11\",\"name\":\"Agenda &#8226; UDC Chablais\",\"isPartOf\":{\"@id\":\"https:\\\/\\\/www.udc-chablais.ch\\\/#website\"},\"primaryImageOfPage\":{\"@id\":\"https:\\\/\\\/www.udc-chablais.ch\\\/?page_id=11#primaryimage\"},\"image\":{\"@id\":\"https:\\\/\\\/www.udc-chablais.ch\\\/?page_id=11#primaryimage\"},\"thumbnailUrl\":\"https:\\\/\\\/www.udc-chablais.ch\\\/wp-content\\\/uploads\\\/IMG_20210104_085559-1024x221.jpg\",\"datePublished\":\"2012-10-18T05:04:00+00:00\",\"dateModified\":\"2026-08-18T14:10:15+00:00\",\"breadcrumb\":{\"@id\":\"https:\\\/\\\/www.udc-chablais.ch\\\/?page_id=11#breadcrumb\"},\"inLanguage\":\"fr-FR\",\"potentialAction\":[{\"@type\":\"ReadAction\",\"target\":[\"https:\\\/\\\/www.udc-chablais.ch\\\/?page_id=11\"]}]},{\"@type\":\"ImageObject\",\"inLanguage\":\"fr-FR\",\"@id\":\"https:\\\/\\\/www.udc-chablais.ch\\\/?page_id=11#primaryimage\",\"url\":\"https:\\\/\\\/www.udc-chablais.ch\\\/wp-content\\\/uploads\\\/IMG_20210104_085559-scaled.jpg\",\"contentUrl\":\"https:\\\/\\\/www.udc-chablais.ch\\\/wp-content\\\/uploads\\\/IMG_20210104_085559-scaled.jpg\",\"width\":2560,\"height\":552},{\"@type\":\"BreadcrumbList\",\"@id\":\"https:\\\/\\\/www.udc-chablais.ch\\\/?page_id=11#breadcrumb\",\"itemListElement\":[{\"@type\":\"ListItem\",\"position\":1,\"name\":\"Accueil\",\"item\":\"https:\\\/\\\/www.udc-chablais.ch\\\/\"},{\"@type\":\"ListItem\",\"position\":2,\"name\":\"Agenda\"}]},{\"@type\":\"WebSite\",\"@id\":\"https:\\\/\\\/www.udc-chablais.ch\\\/#website\",\"url\":\"https:\\\/\\\/www.udc-chablais.ch\\\/\",\"name\":\"UDC Chablais\",\"description\":\"Une politique, la r\u00e9gion en plus\",\"publisher\":{\"@id\":\"https:\\\/\\\/www.udc-chablais.ch\\\/#organization\"},\"potentialAction\":[{\"@type\":\"SearchAction\",\"target\":{\"@type\":\"EntryPoint\",\"urlTemplate\":\"https:\\\/\\\/www.udc-chablais.ch\\\/?s={search_term_string}\"},\"query-input\":{\"@type\":\"PropertyValueSpecification\",\"valueRequired\":true,\"valueName\":\"search_term_string\"}}],\"inLanguage\":\"fr-FR\"},{\"@type\":\"Organization\",\"@id\":\"https:\\\/\\\/www.udc-chablais.ch\\\/#organization\",\"name\":\"UDC Chablais\",\"url\":\"https:\\\/\\\/www.udc-chablais.ch\\\/\",\"logo\":{\"@type\":\"ImageObject\",\"inLanguage\":\"fr-FR\",\"@id\":\"https:\\\/\\\/www.udc-chablais.ch\\\/#\\\/schema\\\/logo\\\/image\\\/\",\"url\":\"https:\\\/\\\/www.udc-chablais.ch\\\/wp-content\\\/uploads\\\/udc_chablais_logo_new_travail.jpg\",\"contentUrl\":\"https:\\\/\\\/www.udc-chablais.ch\\\/wp-content\\\/uploads\\\/udc_chablais_logo_new_travail.jpg\",\"width\":150,\"height\":150,\"caption\":\"UDC Chablais\"},\"image\":{\"@id\":\"https:\\\/\\\/www.udc-chablais.ch\\\/#\\\/schema\\\/logo\\\/image\\\/\"}}]}<\/script>\n<!-- \/ Yoast SEO plugin. -->","yoast_head_json":{"title":"Agenda &#8226; UDC Chablais","robots":{"index":"index","follow":"follow","max-snippet":"max-snippet:-1","max-image-preview":"max-image-preview:large","max-video-preview":"max-video-preview:-1"},"canonical":"https:\/\/www.udc-chablais.ch\/?page_id=11","og_locale":"fr_FR","og_type":"article","og_title":"Agenda &#8226; UDC Chablais","og_description":"Pour plus de renseignements et \/ ou inscriptions : nathmorex@bluewin.ch","og_url":"https:\/\/www.udc-chablais.ch\/?page_id=11","og_site_name":"UDC Chablais","article_modified_time":"2026-08-18T14:10:15+00:00","og_image":[{"width":2560,"height":552,"url":"https:\/\/www.udc-chablais.ch\/wp-content\/uploads\/IMG_20210104_085559-scaled.jpg","type":"image\/jpeg"}],"twitter_card":"summary_large_image","twitter_misc":{"Dur\u00e9e de lecture estim\u00e9e":"1 minute"},"schema":{"@context":"https:\/\/schema.org","@graph":[{"@type":"WebPage","@id":"https:\/\/www.udc-chablais.ch\/?page_id=11","url":"https:\/\/www.udc-chablais.ch\/?page_id=11","name":"Agenda &#8226; UDC Chablais","isPartOf":{"@id":"https:\/\/www.udc-chablais.ch\/#website"},"primaryImageOfPage":{"@id":"https:\/\/www.udc-chablais.ch\/?page_id=11#primaryimage"},"image":{"@id":"https:\/\/www.udc-chablais.ch\/?page_id=11#primaryimage"},"thumbnailUrl":"https:\/\/www.udc-chablais.ch\/wp-content\/uploads\/IMG_20210104_085559-1024x221.jpg","datePublished":"2012-10-18T05:04:00+00:00","dateModified":"2026-08-18T14:10:15+00:00","breadcrumb":{"@id":"https:\/\/www.udc-chablais.ch\/?page_id=11#breadcrumb"},"inLanguage":"fr-FR","potentialAction":[{"@type":"ReadAction","target":["https:\/\/www.udc-chablais.ch\/?page_id=11"]}]},{"@type":"ImageObject","inLanguage":"fr-FR","@id":"https:\/\/www.udc-chablais.ch\/?page_id=11#primaryimage","url":"https:\/\/www.udc-chablais.ch\/wp-content\/uploads\/IMG_20210104_085559-scaled.jpg","contentUrl":"https:\/\/www.udc-chablais.ch\/wp-content\/uploads\/IMG_20210104_085559-scaled.jpg","width":2560,"height":552},{"@type":"BreadcrumbList","@id":"https:\/\/www.udc-chablais.ch\/?page_id=11#breadcrumb","itemListElement":[{"@type":"ListItem","position":1,"name":"Accueil","item":"https:\/\/www.udc-chablais.ch\/"},{"@type":"ListItem","position":2,"name":"Agenda"}]},{"@type":"WebSite","@id":"https:\/\/www.udc-chablais.ch\/#website","url":"https:\/\/www.udc-chablais.ch\/","name":"UDC Chablais","description":"Une politique, la r\u00e9gion en plus","publisher":{"@id":"https:\/\/www.udc-chablais.ch\/#organization"},"potentialAction":[{"@type":"SearchAction","target":{"@type":"EntryPoint","urlTemplate":"https:\/\/www.udc-chablais.ch\/?s={search_term_string}"},"query-input":{"@type":"PropertyValueSpecification","valueRequired":true,"valueName":"search_term_string"}}],"inLanguage":"fr-FR"},{"@type":"Organization","@id":"https:\/\/www.udc-chablais.ch\/#organization","name":"UDC Chablais","url":"https:\/\/www.udc-chablais.ch\/","logo":{"@type":"ImageObject","inLanguage":"fr-FR","@id":"https:\/\/www.udc-chablais.ch\/#\/schema\/logo\/image\/","url":"https:\/\/www.udc-chablais.ch\/wp-content\/uploads\/udc_chablais_logo_new_travail.jpg","contentUrl":"https:\/\/www.udc-chablais.ch\/wp-content\/uploads\/udc_chablais_logo_new_travail.jpg","width":150,"height":150,"caption":"UDC Chablais"},"image":{"@id":"https:\/\/www.udc-chablais.ch\/#\/schema\/logo\/image\/"}}]}},"_links":{"self":[{"href":"https:\/\/www.udc-chablais.ch\/index.php?rest_route=\/wp\/v2\/pages\/11","targetHints":{"allow":["GET"]}}],"collection":[{"href":"https:\/\/www.udc-chablais.ch\/index.php?rest_route=\/wp\/v2\/pages"}],"about":[{"href":"https:\/\/www.udc-chablais.ch\/index.php?rest_route=\/wp\/v2\/types\/page"}],"author":[{"embeddable":true,"href":"https:\/\/www.udc-chablais.ch\/index.php?rest_route=\/wp\/v2\/users\/9"}],"replies":[{"embeddable":true,"href":"https:\/\/www.udc-chablais.ch\/index.php?rest_route=%2Fwp%2Fv2%2Fcomments&post=11"}],"version-history":[{"count":95,"href":"https:\/\/www.udc-chablais.ch\/index.php?rest_route=\/wp\/v2\/pages\/11\/revisions"}],"predecessor-version":[{"id":2268,"href":"https:\/\/www.udc-chablais.ch\/index.php?rest_route=\/wp\/v2\/pages\/11\/revisions\/2268"}],"wp:attachment":[{"href":"https:\/\/www.udc-chablais.ch\/index.php?rest_route=%2Fwp%2Fv2%2Fmedia&parent=11"}],"curies":[{"name":"wp","href":"https:\/\/api.w.org\/{rel}","templated":true}]}}

<figure class="wp-block-image alignfull size-large"><img loading="lazy" decoding="async" width="1024" height="221" src="https://www.udc-chablais.ch/wp-content/uploads/IMG_20210104_085559-1024x221.jpg" alt="" class="wp-image-1725" srcset="https://www.udc-chablais.ch/wp-content/uploads/IMG_20210104_085559-1024x221.jpg 1024w, https://www.udc-chablais.ch/wp-content/uploads/IMG_20210104_085559-300x65.jpg 300w, https://www.udc-chablais.ch/wp-content/uploads/IMG_20210104_085559-768x166.jpg 768w, https://www.udc-chablais.ch/wp-content/uploads/IMG_20210104_085559-1536x331.jpg 1536w, https://www.udc-chablais.ch/wp-content/uploads/IMG_20210104_085559-2048x442.jpg 2048w, https://www.udc-chablais.ch/wp-content/uploads/IMG_20210104_085559-600x129.jpg 600w" sizes="auto, (max-width: 1024px) 100vw, 1024px" /></figure>



<ul class="wp-block-list">
<li><strong>29.08.2026 &#8211; Broche familiale de l&rsquo;UDC Vaud à Bettens</strong></li>



<li>27.09.2026 &#8211; Votations Fédérales</li>



<li>08.10.2026 &#8211; Congrès UDC Vaud</li>



<li><strong>12.11.2026 &#8211; Repas de soutien de Jean-François Thuillard à Etagnières</strong></li>



<li><strong>21.11.2026 &#8211; Match aux cartes à Bex, Salle de la chaumière</strong></li>



<li>29.11.2026 &#8211; Votations Fédérales</li>



<li><strong>23.01.2027 &#8211; Souper Indépendance Vaudoise à Noville, Salle du Battoir</strong></li>
</ul>



<p class="wp-block-paragraph">Pour plus de renseignements et / ou inscriptions : nathmorex@bluewin.ch</p>

<!-- This site is optimized with the Yoast SEO plugin v28.1 - https://yoast.com/product/yoast-seo-wordpress/ -->
<title>Agenda &#8226; UDC Chablais</title>
<meta name="robots" content="index, follow, max-snippet:-1, max-image-preview:large, max-video-preview:-1" />
<link rel="canonical" href="https://www.udc-chablais.ch/?page_id=11" />
<meta property="og:locale" content="fr_FR" />
<meta property="og:type" content="article" />
<meta property="og:title" content="Agenda &#8226; UDC Chablais" />
<meta property="og:description" content="Pour plus de renseignements et / ou inscriptions : nathmorex@bluewin.ch" />
<meta property="og:url" content="https://www.udc-chablais.ch/?page_id=11" />
<meta property="og:site_name" content="UDC Chablais" />
<meta property="article:modified_time" content="2026-08-18T14:10:15+00:00" />
<meta property="og:image" content="https://www.udc-chablais.ch/wp-content/uploads/IMG_20210104_085559-scaled.jpg" />
	<meta property="og:image:width" content="2560" />
	<meta property="og:image:height" content="552" />
	<meta property="og:image:type" content="image/jpeg" />
<meta name="twitter:card" content="summary_large_image" />
<meta name="twitter:label1" content="Durée de lecture estimée" />
	<meta name="twitter:data1" content="1 minute" />
<script type="application/ld+json" class="yoast-schema-graph">{"@context":"https:\/\/schema.org","@graph":[{"@type":"WebPage","@id":"https:\/\/www.udc-chablais.ch\/?page_id=11","url":"https:\/\/www.udc-chablais.ch\/?page_id=11","name":"Agenda &#8226; UDC Chablais","isPartOf":{"@id":"https:\/\/www.udc-chablais.ch\/#website"},"primaryImageOfPage":{"@id":"https:\/\/www.udc-chablais.ch\/?page_id=11#primaryimage"},"image":{"@id":"https:\/\/www.udc-chablais.ch\/?page_id=11#primaryimage"},"thumbnailUrl":"https:\/\/www.udc-chablais.ch\/wp-content\/uploads\/IMG_20210104_085559-1024x221.jpg","datePublished":"2012-10-18T05:04:00+00:00","dateModified":"2026-08-18T14:10:15+00:00","breadcrumb":{"@id":"https:\/\/www.udc-chablais.ch\/?page_id=11#breadcrumb"},"inLanguage":"fr-FR","potentialAction":[{"@type":"ReadAction","target":["https:\/\/www.udc-chablais.ch\/?page_id=11"]}]},{"@type":"ImageObject","inLanguage":"fr-FR","@id":"https:\/\/www.udc-chablais.ch\/?page_id=11#primaryimage","url":"https:\/\/www.udc-chablais.ch\/wp-content\/uploads\/IMG_20210104_085559-scaled.jpg","contentUrl":"https:\/\/www.udc-chablais.ch\/wp-content\/uploads\/IMG_20210104_085559-scaled.jpg","width":2560,"height":552},{"@type":"BreadcrumbList","@id":"https:\/\/www.udc-chablais.ch\/?page_id=11#breadcrumb","itemListElement":[{"@type":"ListItem","position":1,"name":"Accueil","item":"https:\/\/www.udc-chablais.ch\/"},{"@type":"ListItem","position":2,"name":"Agenda"}]},{"@type":"WebSite","@id":"https:\/\/www.udc-chablais.ch\/#website","url":"https:\/\/www.udc-chablais.ch\/","name":"UDC Chablais","description":"Une politique, la région en plus","publisher":{"@id":"https:\/\/www.udc-chablais.ch\/#organization"},"potentialAction":[{"@type":"SearchAction","target":{"@type":"EntryPoint","urlTemplate":"https:\/\/www.udc-chablais.ch\/?s={search_term_string}"},"query-input":{"@type":"PropertyValueSpecification","valueRequired":true,"valueName":"search_term_string"}}],"inLanguage":"fr-FR"},{"@type":"Organization","@id":"https:\/\/www.udc-chablais.ch\/#organization","name":"UDC Chablais","url":"https:\/\/www.udc-chablais.ch\/","logo":{"@type":"ImageObject","inLanguage":"fr-FR","@id":"https:\/\/www.udc-chablais.ch\/#\/schema\/logo\/image\/","url":"https:\/\/www.udc-chablais.ch\/wp-content\/uploads\/udc_chablais_logo_new_travail.jpg","contentUrl":"https:\/\/www.udc-chablais.ch\/wp-content\/uploads\/udc_chablais_logo_new_travail.jpg","width":150,"height":150,"caption":"UDC Chablais"},"image":{"@id":"https:\/\/www.udc-chablais.ch\/#\/schema\/logo\/image\/"}}]}</script>
<!-- / Yoast SEO plugin. -->

Une politique, la région en plus
