{"id":15,"date":"2012-01-25T11:10:44","date_gmt":"2012-01-25T10:10:44","guid":{"rendered":"http:\/\/www.udc-chablais.ch\/?page_id=15"},"modified":"2022-01-13T23:38:06","modified_gmt":"2022-01-13T22:38:06","slug":"aigle","status":"publish","type":"page","link":"https:\/\/www.udc-chablais.ch\/?page_id=15","title":{"rendered":"Aigle"},"content":{"rendered":"\n<div class=\"wp-block-media-text alignwide is-stacked-on-mobile\"><figure class=\"wp-block-media-text__media\"><img loading=\"lazy\" decoding=\"async\" width=\"640\" height=\"640\" src=\"https:\/\/www.udc-chablais.ch\/wp-content\/uploads\/2012\/02\/district-aigle-section-aigle.jpg\" alt=\"\" class=\"wp-image-218 size-full\" srcset=\"https:\/\/www.udc-chablais.ch\/wp-content\/uploads\/2012\/02\/district-aigle-section-aigle.jpg 640w, https:\/\/www.udc-chablais.ch\/wp-content\/uploads\/2012\/02\/district-aigle-section-aigle-150x150.jpg 150w, https:\/\/www.udc-chablais.ch\/wp-content\/uploads\/2012\/02\/district-aigle-section-aigle-300x300.jpg 300w\" sizes=\"auto, (max-width: 640px) 100vw, 640px\" \/><\/figure><div class=\"wp-block-media-text__content\">\n<ul class=\"wp-block-list\"><li>Section UDC Aigle<\/li><li>Monsieur Didier Badan, pr\u00e9sident<\/li><li>Avenue du Clo\u00eetre 9<\/li><li>1860 Aigle<\/li><li><a rel=\"noopener noreferrer\" href=\"http:\/\/www.udc-aigle.ch\" target=\"_blank\">www.udc-aigle.ch<\/a><\/li><\/ul>\n<\/div><\/div>\n\n\n\n<div class=\"wp-block-buttons is-content-justification-center is-layout-flex wp-block-buttons-is-layout-flex\">\n<div class=\"wp-block-button has-custom-width wp-block-button__width-50\"><a class=\"wp-block-button__link has-background\" href=\"\" style=\"background-color:#0c953e\" target=\"_blank\" rel=\"noreferrer noopener\">SITE INTERNET<\/a><\/div>\n<\/div>\n\n\n\n<h2 class=\"wp-block-heading\">Actualit\u00e9s<\/h2>\n\n\n<ul class=\"wp-block-latest-posts__list is-grid columns-3 wp-block-latest-posts\"><li><a class=\"wp-block-latest-posts__post-title\" href=\"https:\/\/www.udc-chablais.ch\/?p=2151\">Aigle : D\u00e9ni de d\u00e9mocratie dans le cadre de la campagne r\u00e9f\u00e9rendaire<\/a><div class=\"wp-block-latest-posts__post-excerpt\">Nous souhaitons informer le public que toutes nos affiches de la campagne de votations ont \u00e9t\u00e9 retir\u00e9es ill\u00e9galement, ce qui constitue une violation de nos droits d\u00e9mocratiques. Nous sommes indign\u00e9s par cette situation scandaleuse, qui t\u00e9moigne d&rsquo;une censure de la part des autorit\u00e9s locales. En retirant les affiches de la campagne,\u2026 <a class=\"wp-block-latest-posts__read-more\" href=\"https:\/\/www.udc-chablais.ch\/?p=2151\" rel=\"noopener noreferrer\">Lire la suite<span class=\"screen-reader-text\">\u00a0: Aigle : D\u00e9ni de d\u00e9mocratie dans le cadre de la campagne r\u00e9f\u00e9rendaire<\/span><\/a><\/div><\/li>\n<li><a class=\"wp-block-latest-posts__post-title\" href=\"https:\/\/www.udc-chablais.ch\/?p=2120\">D\u00e9p\u00f4t des signatures du r\u00e9f\u00e9rendum communal aiglon contre l\u2019augmentation de la taxe sur l\u2019\u00e9lectricit\u00e9<\/a><div class=\"wp-block-latest-posts__post-excerpt\">Le comit\u00e9 r\u00e9f\u00e9rendaire contre la hausse de la taxe communale sur l\u2019\u00e9nergie \u00e9lectrique a d\u00e9pos\u00e9 cemardi 20 septembre les signatures r\u00e9colt\u00e9es durant le d\u00e9lai l\u00e9gal de 40 jours. Plus de 240 listes ont \u00e9t\u00e9 d\u00e9pos\u00e9es au greffe municipal d\u2019Aigle avec un total de 1&rsquo;646 signatures. Ilfaut exactement 1&rsquo;086 signatures pour que\u2026 <a class=\"wp-block-latest-posts__read-more\" href=\"https:\/\/www.udc-chablais.ch\/?p=2120\" rel=\"noopener noreferrer\">Lire la suite<span class=\"screen-reader-text\">\u00a0: D\u00e9p\u00f4t des signatures du r\u00e9f\u00e9rendum communal aiglon contre l\u2019augmentation de la taxe sur l\u2019\u00e9lectricit\u00e9<\/span><\/a><\/div><\/li>\n<li><a class=\"wp-block-latest-posts__post-title\" href=\"https:\/\/www.udc-chablais.ch\/?p=1710\">Aigle d&rsquo;abord !<\/a><div class=\"wp-block-latest-posts__post-excerpt\">Le parti PAI-UDC d&rsquo;Aigle s&rsquo;engage en faveur de l&rsquo;\u00e9conomie locale et de la pr\u00e9f\u00e9rence r\u00e9gionale. A cette fin, il pr\u00e9sente 2 candidats \u00e0 la Municipalit\u00e9 : Annick Badan et Jean-Luc Mayor.<\/div><\/li>\n<\/ul>","protected":false},"excerpt":{"rendered":"<p>Section UDC Aigle Monsieur Didier Badan, pr\u00e9sident Avenue du Clo\u00eetre 9 1860 Aigle www.udc-aigle.ch Actualit\u00e9s<\/p>\n","protected":false},"author":1,"featured_media":0,"parent":13,"menu_order":0,"comment_status":"closed","ping_status":"closed","template":"","meta":{"footnotes":""},"class_list":["post-15","page","type-page","status-publish","hentry"],"yoast_head":"<!-- This site is optimized with the Yoast SEO plugin v27.4 - https:\/\/yoast.com\/product\/yoast-seo-wordpress\/ -->\n<title>Aigle &#8226; UDC Chablais<\/title>\n<meta name=\"robots\" content=\"index, follow, max-snippet:-1, max-image-preview:large, max-video-preview:-1\" \/>\n<link rel=\"canonical\" href=\"https:\/\/www.udc-chablais.ch\/?page_id=15\" \/>\n<meta property=\"og:locale\" content=\"fr_FR\" \/>\n<meta property=\"og:type\" content=\"article\" \/>\n<meta property=\"og:title\" content=\"Aigle &#8226; UDC Chablais\" \/>\n<meta property=\"og:description\" content=\"Section UDC Aigle Monsieur Didier Badan, pr\u00e9sident Avenue du Clo\u00eetre 9 1860 Aigle www.udc-aigle.ch Actualit\u00e9s\" \/>\n<meta property=\"og:url\" content=\"https:\/\/www.udc-chablais.ch\/?page_id=15\" \/>\n<meta property=\"og:site_name\" content=\"UDC Chablais\" \/>\n<meta property=\"article:modified_time\" content=\"2022-01-13T22:38:06+00:00\" \/>\n<meta property=\"og:image\" content=\"https:\/\/www.udc-chablais.ch\/wp-content\/uploads\/2012\/02\/district-aigle-section-aigle.jpg\" \/>\n<meta name=\"twitter:card\" content=\"summary_large_image\" \/>\n<meta name=\"twitter:label1\" content=\"Dur\u00e9e de lecture estim\u00e9e\" \/>\n\t<meta name=\"twitter:data1\" content=\"1 minute\" \/>\n<script type=\"application\/ld+json\" class=\"yoast-schema-graph\">{\"@context\":\"https:\\\/\\\/schema.org\",\"@graph\":[{\"@type\":\"WebPage\",\"@id\":\"https:\\\/\\\/www.udc-chablais.ch\\\/?page_id=15\",\"url\":\"https:\\\/\\\/www.udc-chablais.ch\\\/?page_id=15\",\"name\":\"Aigle &#8226; UDC Chablais\",\"isPartOf\":{\"@id\":\"https:\\\/\\\/www.udc-chablais.ch\\\/#website\"},\"primaryImageOfPage\":{\"@id\":\"https:\\\/\\\/www.udc-chablais.ch\\\/?page_id=15#primaryimage\"},\"image\":{\"@id\":\"https:\\\/\\\/www.udc-chablais.ch\\\/?page_id=15#primaryimage\"},\"thumbnailUrl\":\"https:\\\/\\\/www.udc-chablais.ch\\\/wp-content\\\/uploads\\\/2012\\\/02\\\/district-aigle-section-aigle.jpg\",\"datePublished\":\"2012-01-25T10:10:44+00:00\",\"dateModified\":\"2022-01-13T22:38:06+00:00\",\"breadcrumb\":{\"@id\":\"https:\\\/\\\/www.udc-chablais.ch\\\/?page_id=15#breadcrumb\"},\"inLanguage\":\"fr-FR\",\"potentialAction\":[{\"@type\":\"ReadAction\",\"target\":[\"https:\\\/\\\/www.udc-chablais.ch\\\/?page_id=15\"]}]},{\"@type\":\"ImageObject\",\"inLanguage\":\"fr-FR\",\"@id\":\"https:\\\/\\\/www.udc-chablais.ch\\\/?page_id=15#primaryimage\",\"url\":\"https:\\\/\\\/www.udc-chablais.ch\\\/wp-content\\\/uploads\\\/2012\\\/02\\\/district-aigle-section-aigle.jpg\",\"contentUrl\":\"https:\\\/\\\/www.udc-chablais.ch\\\/wp-content\\\/uploads\\\/2012\\\/02\\\/district-aigle-section-aigle.jpg\",\"width\":\"640\",\"height\":\"640\"},{\"@type\":\"BreadcrumbList\",\"@id\":\"https:\\\/\\\/www.udc-chablais.ch\\\/?page_id=15#breadcrumb\",\"itemListElement\":[{\"@type\":\"ListItem\",\"position\":1,\"name\":\"Accueil\",\"item\":\"https:\\\/\\\/www.udc-chablais.ch\\\/\"},{\"@type\":\"ListItem\",\"position\":2,\"name\":\"Sections\",\"item\":\"https:\\\/\\\/www.udc-chablais.ch\\\/?page_id=13\"},{\"@type\":\"ListItem\",\"position\":3,\"name\":\"Aigle\"}]},{\"@type\":\"WebSite\",\"@id\":\"https:\\\/\\\/www.udc-chablais.ch\\\/#website\",\"url\":\"https:\\\/\\\/www.udc-chablais.ch\\\/\",\"name\":\"UDC Chablais\",\"description\":\"Une politique, la r\u00e9gion en plus\",\"publisher\":{\"@id\":\"https:\\\/\\\/www.udc-chablais.ch\\\/#organization\"},\"potentialAction\":[{\"@type\":\"SearchAction\",\"target\":{\"@type\":\"EntryPoint\",\"urlTemplate\":\"https:\\\/\\\/www.udc-chablais.ch\\\/?s={search_term_string}\"},\"query-input\":{\"@type\":\"PropertyValueSpecification\",\"valueRequired\":true,\"valueName\":\"search_term_string\"}}],\"inLanguage\":\"fr-FR\"},{\"@type\":\"Organization\",\"@id\":\"https:\\\/\\\/www.udc-chablais.ch\\\/#organization\",\"name\":\"UDC Chablais\",\"url\":\"https:\\\/\\\/www.udc-chablais.ch\\\/\",\"logo\":{\"@type\":\"ImageObject\",\"inLanguage\":\"fr-FR\",\"@id\":\"https:\\\/\\\/www.udc-chablais.ch\\\/#\\\/schema\\\/logo\\\/image\\\/\",\"url\":\"https:\\\/\\\/www.udc-chablais.ch\\\/wp-content\\\/uploads\\\/udc_chablais_logo_new_travail.jpg\",\"contentUrl\":\"https:\\\/\\\/www.udc-chablais.ch\\\/wp-content\\\/uploads\\\/udc_chablais_logo_new_travail.jpg\",\"width\":150,\"height\":150,\"caption\":\"UDC Chablais\"},\"image\":{\"@id\":\"https:\\\/\\\/www.udc-chablais.ch\\\/#\\\/schema\\\/logo\\\/image\\\/\"}}]}<\/script>\n<!-- \/ Yoast SEO plugin. -->","yoast_head_json":{"title":"Aigle &#8226; UDC Chablais","robots":{"index":"index","follow":"follow","max-snippet":"max-snippet:-1","max-image-preview":"max-image-preview:large","max-video-preview":"max-video-preview:-1"},"canonical":"https:\/\/www.udc-chablais.ch\/?page_id=15","og_locale":"fr_FR","og_type":"article","og_title":"Aigle &#8226; UDC Chablais","og_description":"Section UDC Aigle Monsieur Didier Badan, pr\u00e9sident Avenue du Clo\u00eetre 9 1860 Aigle www.udc-aigle.ch Actualit\u00e9s","og_url":"https:\/\/www.udc-chablais.ch\/?page_id=15","og_site_name":"UDC Chablais","article_modified_time":"2022-01-13T22:38:06+00:00","og_image":[{"url":"https:\/\/www.udc-chablais.ch\/wp-content\/uploads\/2012\/02\/district-aigle-section-aigle.jpg","type":"","width":"","height":""}],"twitter_card":"summary_large_image","twitter_misc":{"Dur\u00e9e de lecture estim\u00e9e":"1 minute"},"schema":{"@context":"https:\/\/schema.org","@graph":[{"@type":"WebPage","@id":"https:\/\/www.udc-chablais.ch\/?page_id=15","url":"https:\/\/www.udc-chablais.ch\/?page_id=15","name":"Aigle &#8226; UDC Chablais","isPartOf":{"@id":"https:\/\/www.udc-chablais.ch\/#website"},"primaryImageOfPage":{"@id":"https:\/\/www.udc-chablais.ch\/?page_id=15#primaryimage"},"image":{"@id":"https:\/\/www.udc-chablais.ch\/?page_id=15#primaryimage"},"thumbnailUrl":"https:\/\/www.udc-chablais.ch\/wp-content\/uploads\/2012\/02\/district-aigle-section-aigle.jpg","datePublished":"2012-01-25T10:10:44+00:00","dateModified":"2022-01-13T22:38:06+00:00","breadcrumb":{"@id":"https:\/\/www.udc-chablais.ch\/?page_id=15#breadcrumb"},"inLanguage":"fr-FR","potentialAction":[{"@type":"ReadAction","target":["https:\/\/www.udc-chablais.ch\/?page_id=15"]}]},{"@type":"ImageObject","inLanguage":"fr-FR","@id":"https:\/\/www.udc-chablais.ch\/?page_id=15#primaryimage","url":"https:\/\/www.udc-chablais.ch\/wp-content\/uploads\/2012\/02\/district-aigle-section-aigle.jpg","contentUrl":"https:\/\/www.udc-chablais.ch\/wp-content\/uploads\/2012\/02\/district-aigle-section-aigle.jpg","width":"640","height":"640"},{"@type":"BreadcrumbList","@id":"https:\/\/www.udc-chablais.ch\/?page_id=15#breadcrumb","itemListElement":[{"@type":"ListItem","position":1,"name":"Accueil","item":"https:\/\/www.udc-chablais.ch\/"},{"@type":"ListItem","position":2,"name":"Sections","item":"https:\/\/www.udc-chablais.ch\/?page_id=13"},{"@type":"ListItem","position":3,"name":"Aigle"}]},{"@type":"WebSite","@id":"https:\/\/www.udc-chablais.ch\/#website","url":"https:\/\/www.udc-chablais.ch\/","name":"UDC Chablais","description":"Une politique, la r\u00e9gion en plus","publisher":{"@id":"https:\/\/www.udc-chablais.ch\/#organization"},"potentialAction":[{"@type":"SearchAction","target":{"@type":"EntryPoint","urlTemplate":"https:\/\/www.udc-chablais.ch\/?s={search_term_string}"},"query-input":{"@type":"PropertyValueSpecification","valueRequired":true,"valueName":"search_term_string"}}],"inLanguage":"fr-FR"},{"@type":"Organization","@id":"https:\/\/www.udc-chablais.ch\/#organization","name":"UDC Chablais","url":"https:\/\/www.udc-chablais.ch\/","logo":{"@type":"ImageObject","inLanguage":"fr-FR","@id":"https:\/\/www.udc-chablais.ch\/#\/schema\/logo\/image\/","url":"https:\/\/www.udc-chablais.ch\/wp-content\/uploads\/udc_chablais_logo_new_travail.jpg","contentUrl":"https:\/\/www.udc-chablais.ch\/wp-content\/uploads\/udc_chablais_logo_new_travail.jpg","width":150,"height":150,"caption":"UDC Chablais"},"image":{"@id":"https:\/\/www.udc-chablais.ch\/#\/schema\/logo\/image\/"}}]}},"_links":{"self":[{"href":"https:\/\/www.udc-chablais.ch\/index.php?rest_route=\/wp\/v2\/pages\/15","targetHints":{"allow":["GET"]}}],"collection":[{"href":"https:\/\/www.udc-chablais.ch\/index.php?rest_route=\/wp\/v2\/pages"}],"about":[{"href":"https:\/\/www.udc-chablais.ch\/index.php?rest_route=\/wp\/v2\/types\/page"}],"author":[{"embeddable":true,"href":"https:\/\/www.udc-chablais.ch\/index.php?rest_route=\/wp\/v2\/users\/1"}],"replies":[{"embeddable":true,"href":"https:\/\/www.udc-chablais.ch\/index.php?rest_route=%2Fwp%2Fv2%2Fcomments&post=15"}],"version-history":[{"count":21,"href":"https:\/\/www.udc-chablais.ch\/index.php?rest_route=\/wp\/v2\/pages\/15\/revisions"}],"predecessor-version":[{"id":1926,"href":"https:\/\/www.udc-chablais.ch\/index.php?rest_route=\/wp\/v2\/pages\/15\/revisions\/1926"}],"up":[{"embeddable":true,"href":"https:\/\/www.udc-chablais.ch\/index.php?rest_route=\/wp\/v2\/pages\/13"}],"wp:attachment":[{"href":"https:\/\/www.udc-chablais.ch\/index.php?rest_route=%2Fwp%2Fv2%2Fmedia&parent=15"}],"curies":[{"name":"wp","href":"https:\/\/api.w.org\/{rel}","templated":true}]}}