{"id":19,"date":"2012-01-25T11:11:23","date_gmt":"2012-01-25T10:11:23","guid":{"rendered":"http:\/\/www.udc-chablais.ch\/?page_id=19"},"modified":"2022-01-13T23:37:06","modified_gmt":"2022-01-13T22:37:06","slug":"villeneuve-et-environs","status":"publish","type":"page","link":"https:\/\/www.udc-chablais.ch\/?page_id=19","title":{"rendered":"Villeneuve et Environs"},"content":{"rendered":"\n<div class=\"wp-block-media-text alignwide is-stacked-on-mobile\"><figure class=\"wp-block-media-text__media\"><img loading=\"lazy\" decoding=\"async\" width=\"640\" height=\"640\" src=\"https:\/\/www.udc-chablais.ch\/wp-content\/uploads\/2012\/02\/district-aigle-section-villeneuve.jpg\" alt=\"\" class=\"wp-image-224 size-full\" srcset=\"https:\/\/www.udc-chablais.ch\/wp-content\/uploads\/2012\/02\/district-aigle-section-villeneuve.jpg 640w, https:\/\/www.udc-chablais.ch\/wp-content\/uploads\/2012\/02\/district-aigle-section-villeneuve-150x150.jpg 150w, https:\/\/www.udc-chablais.ch\/wp-content\/uploads\/2012\/02\/district-aigle-section-villeneuve-300x300.jpg 300w\" sizes=\"auto, (max-width: 640px) 100vw, 640px\" \/><\/figure><div class=\"wp-block-media-text__content\">\n<ul class=\"wp-block-list\"><li>Section UDC Villeneuve et Environs<\/li><li>1844 Villeneuve<\/li><\/ul>\n<\/div><\/div>\n\n\n\n<div class=\"wp-block-buttons is-content-justification-center is-layout-flex wp-block-buttons-is-layout-flex\">\n<div class=\"wp-block-button has-custom-width wp-block-button__width-50\"><a class=\"wp-block-button__link has-background\" href=\"https:\/\/www.udc-villeneuve.ch\" style=\"background-color:#0c953e\" target=\"_blank\" rel=\"noreferrer noopener\">SITE INTERNET<\/a><\/div>\n<\/div>\n\n\n\n<h2 class=\"wp-block-heading\">Actualit\u00e9s<\/h2>\n\n\n<ul class=\"wp-block-latest-posts__list is-grid columns-3 wp-block-latest-posts\"><li><a class=\"wp-block-latest-posts__post-title\" href=\"https:\/\/www.udc-chablais.ch\/?p=2099\">Pr\u00e9sidence UDC du Conseil communal de Villeneuve<\/a><div class=\"wp-block-latest-posts__post-excerpt\">Lors de sa s\u00e9ance du 23 juin dernier, le Conseil communal a proc\u00e9d\u00e9 \u00e0 l&rsquo;\u00e9lection de son bureau. A cette occasion, le conseiller communal UDC Charles-Henri Pilet a \u00e9t\u00e9 brillamment \u00e9lu \u00e0 la pr\u00e9sidence du Conseil communal pour l&rsquo;ann\u00e9e 2022-2023. Il a obtenu 38 voix sur 40 suffrages exprim\u00e9s. La section UDC\u2026 <a class=\"wp-block-latest-posts__read-more\" href=\"https:\/\/www.udc-chablais.ch\/?p=2099\" rel=\"noopener noreferrer\">Lire la suite<span class=\"screen-reader-text\">\u00a0: Pr\u00e9sidence UDC du Conseil communal de Villeneuve<\/span><\/a><\/div><\/li>\n<li><a class=\"wp-block-latest-posts__post-title\" href=\"https:\/\/www.udc-chablais.ch\/?p=1800\">Dylan Karlen \u00e9lu pr\u00e9sident de l\u2019UDC Villeneuve et environs<\/a><div class=\"wp-block-latest-posts__post-excerpt\">La section UDC Villeneuve et environs a tenu son assembl\u00e9e g\u00e9n\u00e9rale ordinaire le 21 juillet dernier et a rappel\u00e9 son pr\u00e9sident d\u2019honneur Dylan Karlen, d\u00e9put\u00e9 et ancien municipal, au poste de pr\u00e9sident. Il sera aid\u00e9 par un comit\u00e9 de 8 membres. R\u00e9unis en assembl\u00e9e g\u00e9n\u00e9rale le 21 juillet dernier, les membres de\u2026 <a class=\"wp-block-latest-posts__read-more\" href=\"https:\/\/www.udc-chablais.ch\/?p=1800\" rel=\"noopener noreferrer\">Lire la suite<span class=\"screen-reader-text\">\u00a0: Dylan Karlen \u00e9lu pr\u00e9sident de l\u2019UDC Villeneuve et environs<\/span><\/a><\/div><\/li>\n<li><a class=\"wp-block-latest-posts__post-title\" href=\"https:\/\/www.udc-chablais.ch\/?p=1714\">L\u2019UDC demande le VilleneuvExit et d\u00e9signe Dylan Karlen comme candidat \u00e0 la Municipalit\u00e9<\/a><div class=\"wp-block-latest-posts__post-excerpt\">La section UDC Villeneuve et environs s\u2019est prononc\u00e9e en faveur du VilleneuvExit, soit la sortie de Villeneuve de l\u2019Agglom\u00e9ration Rivelac (Riviera et Haut-Lac). Le municipal sortant et d\u00e9put\u00e9 Dylan Karlen a \u00e9t\u00e9 reconduit pour un deuxi\u00e8me mandat \u00e0 la Municipalit\u00e9. R\u00e9unis en assembl\u00e9e g\u00e9n\u00e9rale le 4 d\u00e9cembre, les membres de l\u2019UDC Villeneuve\u2026 <a class=\"wp-block-latest-posts__read-more\" href=\"https:\/\/www.udc-chablais.ch\/?p=1714\" rel=\"noopener noreferrer\">Lire la suite<span class=\"screen-reader-text\">\u00a0: L\u2019UDC demande le VilleneuvExit et d\u00e9signe Dylan Karlen comme candidat \u00e0 la Municipalit\u00e9<\/span><\/a><\/div><\/li>\n<\/ul>","protected":false},"excerpt":{"rendered":"<p>Section UDC Villeneuve et Environs 1844 Villeneuve Actualit\u00e9s<\/p>\n","protected":false},"author":1,"featured_media":0,"parent":13,"menu_order":0,"comment_status":"closed","ping_status":"closed","template":"","meta":{"footnotes":""},"class_list":["post-19","page","type-page","status-publish","hentry"],"yoast_head":"<!-- This site is optimized with the Yoast SEO plugin v27.4 - https:\/\/yoast.com\/product\/yoast-seo-wordpress\/ -->\n<title>Villeneuve et Environs &#8226; UDC Chablais<\/title>\n<meta name=\"robots\" content=\"index, follow, max-snippet:-1, max-image-preview:large, max-video-preview:-1\" \/>\n<link rel=\"canonical\" href=\"https:\/\/www.udc-chablais.ch\/?page_id=19\" \/>\n<meta property=\"og:locale\" content=\"fr_FR\" \/>\n<meta property=\"og:type\" content=\"article\" \/>\n<meta property=\"og:title\" content=\"Villeneuve et Environs &#8226; UDC Chablais\" \/>\n<meta property=\"og:description\" content=\"Section UDC Villeneuve et Environs 1844 Villeneuve Actualit\u00e9s\" \/>\n<meta property=\"og:url\" content=\"https:\/\/www.udc-chablais.ch\/?page_id=19\" \/>\n<meta property=\"og:site_name\" content=\"UDC Chablais\" \/>\n<meta property=\"article:modified_time\" content=\"2022-01-13T22:37:06+00:00\" \/>\n<meta property=\"og:image\" content=\"https:\/\/www.udc-chablais.ch\/wp-content\/uploads\/2012\/02\/district-aigle-section-villeneuve.jpg\" \/>\n<meta name=\"twitter:card\" content=\"summary_large_image\" \/>\n<meta name=\"twitter:label1\" content=\"Dur\u00e9e de lecture estim\u00e9e\" \/>\n\t<meta name=\"twitter:data1\" content=\"1 minute\" \/>\n<script type=\"application\/ld+json\" class=\"yoast-schema-graph\">{\"@context\":\"https:\\\/\\\/schema.org\",\"@graph\":[{\"@type\":\"WebPage\",\"@id\":\"https:\\\/\\\/www.udc-chablais.ch\\\/?page_id=19\",\"url\":\"https:\\\/\\\/www.udc-chablais.ch\\\/?page_id=19\",\"name\":\"Villeneuve et Environs &#8226; UDC Chablais\",\"isPartOf\":{\"@id\":\"https:\\\/\\\/www.udc-chablais.ch\\\/#website\"},\"primaryImageOfPage\":{\"@id\":\"https:\\\/\\\/www.udc-chablais.ch\\\/?page_id=19#primaryimage\"},\"image\":{\"@id\":\"https:\\\/\\\/www.udc-chablais.ch\\\/?page_id=19#primaryimage\"},\"thumbnailUrl\":\"https:\\\/\\\/www.udc-chablais.ch\\\/wp-content\\\/uploads\\\/2012\\\/02\\\/district-aigle-section-villeneuve.jpg\",\"datePublished\":\"2012-01-25T10:11:23+00:00\",\"dateModified\":\"2022-01-13T22:37:06+00:00\",\"breadcrumb\":{\"@id\":\"https:\\\/\\\/www.udc-chablais.ch\\\/?page_id=19#breadcrumb\"},\"inLanguage\":\"fr-FR\",\"potentialAction\":[{\"@type\":\"ReadAction\",\"target\":[\"https:\\\/\\\/www.udc-chablais.ch\\\/?page_id=19\"]}]},{\"@type\":\"ImageObject\",\"inLanguage\":\"fr-FR\",\"@id\":\"https:\\\/\\\/www.udc-chablais.ch\\\/?page_id=19#primaryimage\",\"url\":\"https:\\\/\\\/www.udc-chablais.ch\\\/wp-content\\\/uploads\\\/2012\\\/02\\\/district-aigle-section-villeneuve.jpg\",\"contentUrl\":\"https:\\\/\\\/www.udc-chablais.ch\\\/wp-content\\\/uploads\\\/2012\\\/02\\\/district-aigle-section-villeneuve.jpg\",\"width\":\"640\",\"height\":\"640\"},{\"@type\":\"BreadcrumbList\",\"@id\":\"https:\\\/\\\/www.udc-chablais.ch\\\/?page_id=19#breadcrumb\",\"itemListElement\":[{\"@type\":\"ListItem\",\"position\":1,\"name\":\"Accueil\",\"item\":\"https:\\\/\\\/www.udc-chablais.ch\\\/\"},{\"@type\":\"ListItem\",\"position\":2,\"name\":\"Sections\",\"item\":\"https:\\\/\\\/www.udc-chablais.ch\\\/?page_id=13\"},{\"@type\":\"ListItem\",\"position\":3,\"name\":\"Villeneuve et Environs\"}]},{\"@type\":\"WebSite\",\"@id\":\"https:\\\/\\\/www.udc-chablais.ch\\\/#website\",\"url\":\"https:\\\/\\\/www.udc-chablais.ch\\\/\",\"name\":\"UDC Chablais\",\"description\":\"Une politique, la r\u00e9gion en plus\",\"publisher\":{\"@id\":\"https:\\\/\\\/www.udc-chablais.ch\\\/#organization\"},\"potentialAction\":[{\"@type\":\"SearchAction\",\"target\":{\"@type\":\"EntryPoint\",\"urlTemplate\":\"https:\\\/\\\/www.udc-chablais.ch\\\/?s={search_term_string}\"},\"query-input\":{\"@type\":\"PropertyValueSpecification\",\"valueRequired\":true,\"valueName\":\"search_term_string\"}}],\"inLanguage\":\"fr-FR\"},{\"@type\":\"Organization\",\"@id\":\"https:\\\/\\\/www.udc-chablais.ch\\\/#organization\",\"name\":\"UDC Chablais\",\"url\":\"https:\\\/\\\/www.udc-chablais.ch\\\/\",\"logo\":{\"@type\":\"ImageObject\",\"inLanguage\":\"fr-FR\",\"@id\":\"https:\\\/\\\/www.udc-chablais.ch\\\/#\\\/schema\\\/logo\\\/image\\\/\",\"url\":\"https:\\\/\\\/www.udc-chablais.ch\\\/wp-content\\\/uploads\\\/udc_chablais_logo_new_travail.jpg\",\"contentUrl\":\"https:\\\/\\\/www.udc-chablais.ch\\\/wp-content\\\/uploads\\\/udc_chablais_logo_new_travail.jpg\",\"width\":150,\"height\":150,\"caption\":\"UDC Chablais\"},\"image\":{\"@id\":\"https:\\\/\\\/www.udc-chablais.ch\\\/#\\\/schema\\\/logo\\\/image\\\/\"}}]}<\/script>\n<!-- \/ Yoast SEO plugin. -->","yoast_head_json":{"title":"Villeneuve et Environs &#8226; UDC Chablais","robots":{"index":"index","follow":"follow","max-snippet":"max-snippet:-1","max-image-preview":"max-image-preview:large","max-video-preview":"max-video-preview:-1"},"canonical":"https:\/\/www.udc-chablais.ch\/?page_id=19","og_locale":"fr_FR","og_type":"article","og_title":"Villeneuve et Environs &#8226; UDC Chablais","og_description":"Section UDC Villeneuve et Environs 1844 Villeneuve Actualit\u00e9s","og_url":"https:\/\/www.udc-chablais.ch\/?page_id=19","og_site_name":"UDC Chablais","article_modified_time":"2022-01-13T22:37:06+00:00","og_image":[{"url":"https:\/\/www.udc-chablais.ch\/wp-content\/uploads\/2012\/02\/district-aigle-section-villeneuve.jpg","type":"","width":"","height":""}],"twitter_card":"summary_large_image","twitter_misc":{"Dur\u00e9e de lecture estim\u00e9e":"1 minute"},"schema":{"@context":"https:\/\/schema.org","@graph":[{"@type":"WebPage","@id":"https:\/\/www.udc-chablais.ch\/?page_id=19","url":"https:\/\/www.udc-chablais.ch\/?page_id=19","name":"Villeneuve et Environs &#8226; UDC Chablais","isPartOf":{"@id":"https:\/\/www.udc-chablais.ch\/#website"},"primaryImageOfPage":{"@id":"https:\/\/www.udc-chablais.ch\/?page_id=19#primaryimage"},"image":{"@id":"https:\/\/www.udc-chablais.ch\/?page_id=19#primaryimage"},"thumbnailUrl":"https:\/\/www.udc-chablais.ch\/wp-content\/uploads\/2012\/02\/district-aigle-section-villeneuve.jpg","datePublished":"2012-01-25T10:11:23+00:00","dateModified":"2022-01-13T22:37:06+00:00","breadcrumb":{"@id":"https:\/\/www.udc-chablais.ch\/?page_id=19#breadcrumb"},"inLanguage":"fr-FR","potentialAction":[{"@type":"ReadAction","target":["https:\/\/www.udc-chablais.ch\/?page_id=19"]}]},{"@type":"ImageObject","inLanguage":"fr-FR","@id":"https:\/\/www.udc-chablais.ch\/?page_id=19#primaryimage","url":"https:\/\/www.udc-chablais.ch\/wp-content\/uploads\/2012\/02\/district-aigle-section-villeneuve.jpg","contentUrl":"https:\/\/www.udc-chablais.ch\/wp-content\/uploads\/2012\/02\/district-aigle-section-villeneuve.jpg","width":"640","height":"640"},{"@type":"BreadcrumbList","@id":"https:\/\/www.udc-chablais.ch\/?page_id=19#breadcrumb","itemListElement":[{"@type":"ListItem","position":1,"name":"Accueil","item":"https:\/\/www.udc-chablais.ch\/"},{"@type":"ListItem","position":2,"name":"Sections","item":"https:\/\/www.udc-chablais.ch\/?page_id=13"},{"@type":"ListItem","position":3,"name":"Villeneuve et Environs"}]},{"@type":"WebSite","@id":"https:\/\/www.udc-chablais.ch\/#website","url":"https:\/\/www.udc-chablais.ch\/","name":"UDC Chablais","description":"Une politique, la r\u00e9gion en plus","publisher":{"@id":"https:\/\/www.udc-chablais.ch\/#organization"},"potentialAction":[{"@type":"SearchAction","target":{"@type":"EntryPoint","urlTemplate":"https:\/\/www.udc-chablais.ch\/?s={search_term_string}"},"query-input":{"@type":"PropertyValueSpecification","valueRequired":true,"valueName":"search_term_string"}}],"inLanguage":"fr-FR"},{"@type":"Organization","@id":"https:\/\/www.udc-chablais.ch\/#organization","name":"UDC Chablais","url":"https:\/\/www.udc-chablais.ch\/","logo":{"@type":"ImageObject","inLanguage":"fr-FR","@id":"https:\/\/www.udc-chablais.ch\/#\/schema\/logo\/image\/","url":"https:\/\/www.udc-chablais.ch\/wp-content\/uploads\/udc_chablais_logo_new_travail.jpg","contentUrl":"https:\/\/www.udc-chablais.ch\/wp-content\/uploads\/udc_chablais_logo_new_travail.jpg","width":150,"height":150,"caption":"UDC Chablais"},"image":{"@id":"https:\/\/www.udc-chablais.ch\/#\/schema\/logo\/image\/"}}]}},"_links":{"self":[{"href":"https:\/\/www.udc-chablais.ch\/index.php?rest_route=\/wp\/v2\/pages\/19","targetHints":{"allow":["GET"]}}],"collection":[{"href":"https:\/\/www.udc-chablais.ch\/index.php?rest_route=\/wp\/v2\/pages"}],"about":[{"href":"https:\/\/www.udc-chablais.ch\/index.php?rest_route=\/wp\/v2\/types\/page"}],"author":[{"embeddable":true,"href":"https:\/\/www.udc-chablais.ch\/index.php?rest_route=\/wp\/v2\/users\/1"}],"replies":[{"embeddable":true,"href":"https:\/\/www.udc-chablais.ch\/index.php?rest_route=%2Fwp%2Fv2%2Fcomments&post=19"}],"version-history":[{"count":35,"href":"https:\/\/www.udc-chablais.ch\/index.php?rest_route=\/wp\/v2\/pages\/19\/revisions"}],"predecessor-version":[{"id":1925,"href":"https:\/\/www.udc-chablais.ch\/index.php?rest_route=\/wp\/v2\/pages\/19\/revisions\/1925"}],"up":[{"embeddable":true,"href":"https:\/\/www.udc-chablais.ch\/index.php?rest_route=\/wp\/v2\/pages\/13"}],"wp:attachment":[{"href":"https:\/\/www.udc-chablais.ch\/index.php?rest_route=%2Fwp%2Fv2%2Fmedia&parent=19"}],"curies":[{"name":"wp","href":"https:\/\/api.w.org\/{rel}","templated":true}]}}