{"id":23,"date":"2012-01-25T11:11:49","date_gmt":"2012-01-25T10:11:49","guid":{"rendered":"http:\/\/www.udc-chablais.ch\/?page_id=23"},"modified":"2019-11-22T17:17:35","modified_gmt":"2019-11-22T16:17:35","slug":"yvorne","status":"publish","type":"page","link":"https:\/\/www.udc-chablais.ch\/?page_id=23","title":{"rendered":"Yvorne"},"content":{"rendered":"<p><img loading=\"lazy\" decoding=\"async\" class=\"alignright wp-image-225 size-medium\" title=\"district-aigle\" src=\"http:\/\/www.udc-chablais.ch\/wp-content\/uploads\/2012\/02\/district-aigle-section-yvorne-300x300.jpg\" alt=\"\" width=\"300\" height=\"300\" srcset=\"https:\/\/www.udc-chablais.ch\/wp-content\/uploads\/2012\/02\/district-aigle-section-yvorne-300x300.jpg 300w, https:\/\/www.udc-chablais.ch\/wp-content\/uploads\/2012\/02\/district-aigle-section-yvorne-150x150.jpg 150w, https:\/\/www.udc-chablais.ch\/wp-content\/uploads\/2012\/02\/district-aigle-section-yvorne.jpg 640w\" sizes=\"auto, (max-width: 300px) 100vw, 300px\" \/><\/p>\n<ul>\n<li>Section UDC Yvorne<\/li>\n<li>Monsieur Guy Stalder, pr\u00e9sident<\/li>\n<li>Les Blettaux<\/li>\n<li>1853 Yvorne<\/li>\n<\/ul>\n<p><a href=\"http:\/\/www.udc-chablais.ch\/?cat=10\"><strong>Voir les actualit\u00e9s de l&rsquo;UDC Yvorne<\/strong><\/a><\/p>\n<h1>LA SECTION<\/h1>\n<p><strong>Comit\u00e9 :<\/strong><\/p>\n<ul>\n<li><strong>Pr\u00e9sident :<\/strong> Guy Stalder<\/li>\n<li><strong>Vice-pr\u00e9sident :<\/strong> <em>vacant<\/em><\/li>\n<li><strong>Secr\u00e9taire :<\/strong> <em>vacant<\/em><\/li>\n<\/ul>\n<p><strong>Conseillers communaux 2016-2021 :<\/strong><\/p>\n<ul>\n<li>Serge Aeppli<\/li>\n<li>Fran\u00e7ois L\u00fcthi<\/li>\n<li>Guy Stalder<\/li>\n<\/ul>\n<p>&nbsp;<\/p>\n","protected":false},"excerpt":{"rendered":"<p>Section UDC Yvorne Monsieur Guy Stalder, pr\u00e9sident Les Blettaux 1853 Yvorne Voir les actualit\u00e9s de l&rsquo;UDC Yvorne LA SECTION Comit\u00e9 : Pr\u00e9sident : Guy Stalder Vice-pr\u00e9sident : vacant Secr\u00e9taire : vacant Conseillers communaux 2016-2021 : Serge Aeppli Fran\u00e7ois L\u00fcthi Guy Stalder &nbsp;<\/p>\n","protected":false},"author":1,"featured_media":0,"parent":13,"menu_order":0,"comment_status":"closed","ping_status":"closed","template":"","meta":{"footnotes":""},"class_list":["post-23","page","type-page","status-publish","hentry"],"yoast_head":"<!-- This site is optimized with the Yoast SEO plugin v24.7 - https:\/\/yoast.com\/wordpress\/plugins\/seo\/ -->\n<title>Yvorne &#8226; UDC Chablais<\/title>\n<meta name=\"robots\" content=\"index, follow, max-snippet:-1, max-image-preview:large, max-video-preview:-1\" \/>\n<link rel=\"canonical\" href=\"https:\/\/www.udc-chablais.ch\/?page_id=23\" \/>\n<meta property=\"og:locale\" content=\"fr_FR\" \/>\n<meta property=\"og:type\" content=\"article\" \/>\n<meta property=\"og:title\" content=\"Yvorne &#8226; UDC Chablais\" \/>\n<meta property=\"og:description\" content=\"Section UDC Yvorne Monsieur Guy Stalder, pr\u00e9sident Les Blettaux 1853 Yvorne Voir les actualit\u00e9s de l&rsquo;UDC Yvorne LA SECTION Comit\u00e9 : Pr\u00e9sident : Guy Stalder Vice-pr\u00e9sident : vacant Secr\u00e9taire : vacant Conseillers communaux 2016-2021 : Serge Aeppli Fran\u00e7ois L\u00fcthi Guy Stalder &nbsp;\" \/>\n<meta property=\"og:url\" content=\"https:\/\/www.udc-chablais.ch\/?page_id=23\" \/>\n<meta property=\"og:site_name\" content=\"UDC Chablais\" \/>\n<meta property=\"article:modified_time\" content=\"2019-11-22T16:17:35+00:00\" \/>\n<meta property=\"og:image\" content=\"http:\/\/www.udc-chablais.ch\/wp-content\/uploads\/2012\/02\/district-aigle-section-yvorne-300x300.jpg\" \/>\n<meta name=\"twitter:card\" content=\"summary_large_image\" \/>\n<script type=\"application\/ld+json\" class=\"yoast-schema-graph\">{\"@context\":\"https:\/\/schema.org\",\"@graph\":[{\"@type\":\"WebPage\",\"@id\":\"https:\/\/www.udc-chablais.ch\/?page_id=23\",\"url\":\"https:\/\/www.udc-chablais.ch\/?page_id=23\",\"name\":\"Yvorne &#8226; UDC Chablais\",\"isPartOf\":{\"@id\":\"https:\/\/www.udc-chablais.ch\/#website\"},\"primaryImageOfPage\":{\"@id\":\"https:\/\/www.udc-chablais.ch\/?page_id=23#primaryimage\"},\"image\":{\"@id\":\"https:\/\/www.udc-chablais.ch\/?page_id=23#primaryimage\"},\"thumbnailUrl\":\"http:\/\/www.udc-chablais.ch\/wp-content\/uploads\/2012\/02\/district-aigle-section-yvorne-300x300.jpg\",\"datePublished\":\"2012-01-25T10:11:49+00:00\",\"dateModified\":\"2019-11-22T16:17:35+00:00\",\"breadcrumb\":{\"@id\":\"https:\/\/www.udc-chablais.ch\/?page_id=23#breadcrumb\"},\"inLanguage\":\"fr-FR\",\"potentialAction\":[{\"@type\":\"ReadAction\",\"target\":[\"https:\/\/www.udc-chablais.ch\/?page_id=23\"]}]},{\"@type\":\"ImageObject\",\"inLanguage\":\"fr-FR\",\"@id\":\"https:\/\/www.udc-chablais.ch\/?page_id=23#primaryimage\",\"url\":\"https:\/\/www.udc-chablais.ch\/wp-content\/uploads\/2012\/02\/district-aigle-section-yvorne.jpg\",\"contentUrl\":\"https:\/\/www.udc-chablais.ch\/wp-content\/uploads\/2012\/02\/district-aigle-section-yvorne.jpg\",\"width\":\"640\",\"height\":\"640\"},{\"@type\":\"BreadcrumbList\",\"@id\":\"https:\/\/www.udc-chablais.ch\/?page_id=23#breadcrumb\",\"itemListElement\":[{\"@type\":\"ListItem\",\"position\":1,\"name\":\"Accueil\",\"item\":\"https:\/\/www.udc-chablais.ch\/\"},{\"@type\":\"ListItem\",\"position\":2,\"name\":\"Sections\",\"item\":\"https:\/\/www.udc-chablais.ch\/?page_id=13\"},{\"@type\":\"ListItem\",\"position\":3,\"name\":\"Yvorne\"}]},{\"@type\":\"WebSite\",\"@id\":\"https:\/\/www.udc-chablais.ch\/#website\",\"url\":\"https:\/\/www.udc-chablais.ch\/\",\"name\":\"UDC Chablais\",\"description\":\"Une politique, la r\u00e9gion en plus\",\"publisher\":{\"@id\":\"https:\/\/www.udc-chablais.ch\/#organization\"},\"potentialAction\":[{\"@type\":\"SearchAction\",\"target\":{\"@type\":\"EntryPoint\",\"urlTemplate\":\"https:\/\/www.udc-chablais.ch\/?s={search_term_string}\"},\"query-input\":{\"@type\":\"PropertyValueSpecification\",\"valueRequired\":true,\"valueName\":\"search_term_string\"}}],\"inLanguage\":\"fr-FR\"},{\"@type\":\"Organization\",\"@id\":\"https:\/\/www.udc-chablais.ch\/#organization\",\"name\":\"UDC Chablais\",\"url\":\"https:\/\/www.udc-chablais.ch\/\",\"logo\":{\"@type\":\"ImageObject\",\"inLanguage\":\"fr-FR\",\"@id\":\"https:\/\/www.udc-chablais.ch\/#\/schema\/logo\/image\/\",\"url\":\"https:\/\/www.udc-chablais.ch\/wp-content\/uploads\/udc_chablais_logo_new_travail.jpg\",\"contentUrl\":\"https:\/\/www.udc-chablais.ch\/wp-content\/uploads\/udc_chablais_logo_new_travail.jpg\",\"width\":150,\"height\":150,\"caption\":\"UDC Chablais\"},\"image\":{\"@id\":\"https:\/\/www.udc-chablais.ch\/#\/schema\/logo\/image\/\"}}]}<\/script>\n<!-- \/ Yoast SEO plugin. -->","yoast_head_json":{"title":"Yvorne &#8226; UDC Chablais","robots":{"index":"index","follow":"follow","max-snippet":"max-snippet:-1","max-image-preview":"max-image-preview:large","max-video-preview":"max-video-preview:-1"},"canonical":"https:\/\/www.udc-chablais.ch\/?page_id=23","og_locale":"fr_FR","og_type":"article","og_title":"Yvorne &#8226; UDC Chablais","og_description":"Section UDC Yvorne Monsieur Guy Stalder, pr\u00e9sident Les Blettaux 1853 Yvorne Voir les actualit\u00e9s de l&rsquo;UDC Yvorne LA SECTION Comit\u00e9 : Pr\u00e9sident : Guy Stalder Vice-pr\u00e9sident : vacant Secr\u00e9taire : vacant Conseillers communaux 2016-2021 : Serge Aeppli Fran\u00e7ois L\u00fcthi Guy Stalder &nbsp;","og_url":"https:\/\/www.udc-chablais.ch\/?page_id=23","og_site_name":"UDC Chablais","article_modified_time":"2019-11-22T16:17:35+00:00","og_image":[{"url":"http:\/\/www.udc-chablais.ch\/wp-content\/uploads\/2012\/02\/district-aigle-section-yvorne-300x300.jpg","type":"","width":"","height":""}],"twitter_card":"summary_large_image","schema":{"@context":"https:\/\/schema.org","@graph":[{"@type":"WebPage","@id":"https:\/\/www.udc-chablais.ch\/?page_id=23","url":"https:\/\/www.udc-chablais.ch\/?page_id=23","name":"Yvorne &#8226; UDC Chablais","isPartOf":{"@id":"https:\/\/www.udc-chablais.ch\/#website"},"primaryImageOfPage":{"@id":"https:\/\/www.udc-chablais.ch\/?page_id=23#primaryimage"},"image":{"@id":"https:\/\/www.udc-chablais.ch\/?page_id=23#primaryimage"},"thumbnailUrl":"http:\/\/www.udc-chablais.ch\/wp-content\/uploads\/2012\/02\/district-aigle-section-yvorne-300x300.jpg","datePublished":"2012-01-25T10:11:49+00:00","dateModified":"2019-11-22T16:17:35+00:00","breadcrumb":{"@id":"https:\/\/www.udc-chablais.ch\/?page_id=23#breadcrumb"},"inLanguage":"fr-FR","potentialAction":[{"@type":"ReadAction","target":["https:\/\/www.udc-chablais.ch\/?page_id=23"]}]},{"@type":"ImageObject","inLanguage":"fr-FR","@id":"https:\/\/www.udc-chablais.ch\/?page_id=23#primaryimage","url":"https:\/\/www.udc-chablais.ch\/wp-content\/uploads\/2012\/02\/district-aigle-section-yvorne.jpg","contentUrl":"https:\/\/www.udc-chablais.ch\/wp-content\/uploads\/2012\/02\/district-aigle-section-yvorne.jpg","width":"640","height":"640"},{"@type":"BreadcrumbList","@id":"https:\/\/www.udc-chablais.ch\/?page_id=23#breadcrumb","itemListElement":[{"@type":"ListItem","position":1,"name":"Accueil","item":"https:\/\/www.udc-chablais.ch\/"},{"@type":"ListItem","position":2,"name":"Sections","item":"https:\/\/www.udc-chablais.ch\/?page_id=13"},{"@type":"ListItem","position":3,"name":"Yvorne"}]},{"@type":"WebSite","@id":"https:\/\/www.udc-chablais.ch\/#website","url":"https:\/\/www.udc-chablais.ch\/","name":"UDC Chablais","description":"Une politique, la r\u00e9gion en plus","publisher":{"@id":"https:\/\/www.udc-chablais.ch\/#organization"},"potentialAction":[{"@type":"SearchAction","target":{"@type":"EntryPoint","urlTemplate":"https:\/\/www.udc-chablais.ch\/?s={search_term_string}"},"query-input":{"@type":"PropertyValueSpecification","valueRequired":true,"valueName":"search_term_string"}}],"inLanguage":"fr-FR"},{"@type":"Organization","@id":"https:\/\/www.udc-chablais.ch\/#organization","name":"UDC Chablais","url":"https:\/\/www.udc-chablais.ch\/","logo":{"@type":"ImageObject","inLanguage":"fr-FR","@id":"https:\/\/www.udc-chablais.ch\/#\/schema\/logo\/image\/","url":"https:\/\/www.udc-chablais.ch\/wp-content\/uploads\/udc_chablais_logo_new_travail.jpg","contentUrl":"https:\/\/www.udc-chablais.ch\/wp-content\/uploads\/udc_chablais_logo_new_travail.jpg","width":150,"height":150,"caption":"UDC Chablais"},"image":{"@id":"https:\/\/www.udc-chablais.ch\/#\/schema\/logo\/image\/"}}]}},"_links":{"self":[{"href":"https:\/\/www.udc-chablais.ch\/index.php?rest_route=\/wp\/v2\/pages\/23","targetHints":{"allow":["GET"]}}],"collection":[{"href":"https:\/\/www.udc-chablais.ch\/index.php?rest_route=\/wp\/v2\/pages"}],"about":[{"href":"https:\/\/www.udc-chablais.ch\/index.php?rest_route=\/wp\/v2\/types\/page"}],"author":[{"embeddable":true,"href":"https:\/\/www.udc-chablais.ch\/index.php?rest_route=\/wp\/v2\/users\/1"}],"replies":[{"embeddable":true,"href":"https:\/\/www.udc-chablais.ch\/index.php?rest_route=%2Fwp%2Fv2%2Fcomments&post=23"}],"version-history":[{"count":16,"href":"https:\/\/www.udc-chablais.ch\/index.php?rest_route=\/wp\/v2\/pages\/23\/revisions"}],"predecessor-version":[{"id":1501,"href":"https:\/\/www.udc-chablais.ch\/index.php?rest_route=\/wp\/v2\/pages\/23\/revisions\/1501"}],"up":[{"embeddable":true,"href":"https:\/\/www.udc-chablais.ch\/index.php?rest_route=\/wp\/v2\/pages\/13"}],"wp:attachment":[{"href":"https:\/\/www.udc-chablais.ch\/index.php?rest_route=%2Fwp%2Fv2%2Fmedia&parent=23"}],"curies":[{"name":"wp","href":"https:\/\/api.w.org\/{rel}","templated":true}]}}